hat is the tens digit of w(y)?
3
Suppose -l + 0 = 4. Let t(g) = -4*g + 3. Let x(i) = 7*i - 6. Let c(z) = -5*t(z) - 3*x(z). What is the units digit of c(l)?
7
Suppose -3*d - 2*r = 3*r - 116, 2*d - 99 = r. What is the units digit of d?
7
What is the units digit of -6 - 4218/(-18) - (-2)/(-6)?
8
Suppose -k + 32 = -3*s, 4*s + k + 10 = -28. Let t(p) = 7*p - 4. Let n be t(3). Let z = s + n. What is the units digit of z?
7
Let v(g) = -4*g**3 - 4*g**2 - 2*g - 7. Let b(r) = 11*r**3 + 13*r**2 + 5*r + 20. Let j(k) = 3*b(k) + 8*v(k). What is the tens digit of j(-7)?
1
Suppose -20 = -3*p + 2*p. What is the units digit of p?
0
Let a = 22 + -16. Suppose -a*s = -58 - 212. What is the units digit of s?
5
Let d = 1 + 3. Suppose d*h - 11 - 25 = 0. Let b = h - -2. What is the tens digit of b?
1
Let q = 7 - 9. Let t = q - -2. Suppose -3 + t = -j + 5*b, b - 9 = -j. What is the units digit of j?
8
Let d(c) = -c**3 + 8*c**2 + 3*c + 4. What is the units digit of d(8)?
8
Suppose -6 = 2*v, 143 = h - 0*h - 5*v. Suppose -5*y + y = -h. What is the units digit of y?
2
Suppose 204 - 52 = 4*j. What is the tens digit of j?
3
Suppose 4*t = -u + 146, 0 = -2*t + 5*t + 3*u - 105. What is the units digit of t?
7
Let k be 1/(-3) - 110/(-6). Let t = -6 + k. What is the units digit of t?
2
Let j(b) = 8*b + b + 3 + 0*b. Let g be j(3). Suppose -a - a = -g. What is the units digit of a?
5
Let c(a) = a**2 + 5*a + 7. Let j be c(-5). Suppose 0*h + 3*n - 1 = h, j = h + n. What is the units digit of h?
5
Suppose 4 = -6*s + 4*s. What is the units digit of ((-2)/6)/(s/138)?
3
Let o be (0 + -14 - 0) + -1. Let s be (-5)/o - 11/(-3). Suppose -s*l + 2 = 2*j, -3 = 4*j - j. What is the units digit of l?
1
Let v(m) = -m**3 - 5*m**2 + 5*m - 5. Let a be v(-6). Let q be ((1 - 26)*a)/(-1). What is the units digit of q/9 - (-4)/18?
3
Suppose i + 5*b = -2, 0 = -0*i + i + 2*b + 5. What is the tens digit of i/(7/(-2)) + 24?
2
Let s = 7 + -5. Let x(b) = 4*b + 1. Let t be x(s). Let n(m) = m**3 - 8*m**2 - 8*m + 6. What is the units digit of n(t)?
5
Let n = -230 - -344. Suppose n = -a + 4*a. What is the units digit of a?
8
What is the units digit of ((-8)/6)/((-6)/54)?
2
Let z(n) = 3*n**2 + n - 3. What is the units digit of z(4)?
9
Let v = 3 + -3. Let n = 4 - v. Suppose -37 - 3 = -n*i. What is the units digit of i?
0
Let c(i) = -4*i - 6. Let j be c(-9). What is the tens digit of j/9*36/3?
4
Suppose -625 = -12*s + 7*s. What is the tens digit of s?
2
Let r(l) = -l**3 - 9*l**2 - 9*l + 10. What is the units digit of r(-8)?
8
Let w(i) = i**2 + 6*i - 1. Let g be w(-7). Suppose 0 = -4*s + 2*s + g. Suppose o + s*o - 32 = 0. What is the units digit of o?
8
Let s = 20 - 2. What is the units digit of s?
8
Let x(r) = 6*r**2 + 2*r + 1. Let o be x(-3). Suppose 3*c = -g + o, -2*c + 10 = 3*g - 8*g. What is the units digit of c?
5
Suppose 6*o + 240 - 1134 = 0. What is the hundreds digit of o?
1
Let l(t) = -t**2 + 6*t - 6. Let b be l(5). Let c = 1 - b. Let v = c + -1. What is the units digit of v?
1
Let p(c) = c**3 + 9*c**2 - 9*c + 13. Let d be p(-10). Suppose 5*h - 2*r - r = 179, 25 = h + d*r. Let s = 48 - h. What is the tens digit of s?
1
Suppose o + 0*o = 3, -2*r + 43 = -5*o. What is the tens digit of r?
2
Suppose 4*i + 0*i - 12 = 0. Let d(c) = c**2 - 5*c + 3. Let b be d(5). Suppose -15 = -b*y - 5*z, 0 = -5*y - 2*z - i*z + 35. What is the units digit of y?
0
Let b(m) = -4*m**3 - 2*m**2 - 2*m - 1. Let h(o) = -o - 3. Let f = -4 + 2. Let d be h(f). What is the units digit of b(d)?
3
Let r(v) = -5*v**2 - 2. Let i be r(3). Suppose 4*s = 3*g - 118, -5*s + 0*g - 153 = -g. Let m = s - i. What is the tens digit of m?
1
Let z = -16 + 30. Let f(y) = 3*y - 2. Let w be f(-2). Let j = z + w. What is the units digit of j?
6
Suppose -2*j = j - 6. Suppose 5*m = 5*i + 225, -4*i = 3*m + j*m - 243. What is the units digit of m?
7
Let y be ((-21)/14)/(3/(-10)). Suppose y*j = 3*j + 40. What is the units digit of j?
0
Suppose -2*n = 4*h - 184, -8 = -4*n + 8. What is the tens digit of h?
4
Suppose 5*o - 2*g - 598 = 0, 2*g - 578 = -5*o - g. What is the hundreds digit of o?
1
Let v = -8 + 10. Suppose -2*h + 2*q = -v*q - 16, h + 2*q - 28 = 0. What is the tens digit of h?
1
Let c be (-2 - -3)*-2 - -93. Suppose -2*b - 3*b - l = -115, 0 = 4*b + l - c. Suppose -b = -t - 2*t. What is the units digit of t?
8
Let b(s) be the second derivative of -11*s**5/20 + s**4/6 - s**2/2 - 2*s. What is the units digit of b(-1)?
2
Let c(w) be the second derivative of w**6/360 + w**5/40 + w**4/24 - w**3/3 + 2*w. Let r(h) be the second derivative of c(h). What is the units digit of r(-4)?
5
Let h(g) = -g**3 - 7*g**2 - g + 9. Suppose 0 = -0*i - 4*i - 28. What is the units digit of h(i)?
6
Suppose 0 = 4*a + 4, -3*a - 30 = -l - 2*l. What is the units digit of l?
9
Let b(n) = n**3 - 9*n**2 + n. Suppose -2*k = -k - 9. What is the units digit of b(k)?
9
Let h(r) = 41*r**2 + 5*r + 10. What is the hundreds digit of h(-3)?
3
Let b(n) = 15*n**2 + 2*n + 2. What is the units digit of b(4)?
0
Suppose 5*j = -7*f + 5*f - 82, -2*f = j + 18. Let t = j + 24. What is the units digit of t?
8
Suppose -25 = 2*q - 103. Let g = q - 19. What is the units digit of g?
0
Let r(b) = -50*b**2 - 7*b - 2. Let y(t) = -25*t**2 - 4*t - 1. Let g(o) = -4*r(o) + 7*y(o). What is the units digit of g(1)?
6
Let q(x) = x**3 + 6*x**2 + x - 7. Let r be q(-5). Suppose 49 = 3*p + r. What is the tens digit of p?
1
Let t = 7 + 23. Suppose q = 4*q - t. What is the tens digit of q?
1
Let q(o) = o**2 - 2*o + 28. What is the units digit of q(-10)?
8
Suppose 4*o - 389 = 459. What is the hundreds digit of o?
2
Let g = 1298 + -885. What is the hundreds digit of g?
4
Let i(v) = 2*v**2 - 8*v - 9. What is the hundreds digit of i(10)?
1
Suppose -4*p + 3*p = 4*i + 2, -4*i = 0. Let v be p/7 + 282/7. Suppose -v = -2*c - 2*c. What is the units digit of c?
0
Let n(p) = -p**3 + p**2 - p - 1. Let i = 1 - 3. What is the units digit of n(i)?
3
Let x = -17 - -21. What is the tens digit of (-5)/(0 - x/12)?
1
Let y = -38 + 68. What is the tens digit of 790/y + 2/(-6)?
2
Let f = 6 + -4. Suppose 15 = 5*l - 2*k, 0 = -f*l + l + 3*k + 3. What is the units digit of l?
3
Suppose -5*f - 14 = -b, -f = -b - 0*b + 2. Let m(s) = -7*s + 3. Let c be m(f). What is the units digit of (-3 - 0)*c/(-18)?
4
Let g(q) = 3*q**2 - 4*q - 4. Let w be g(8). What is the units digit of (4/(-6))/((-8)/w)?
3
Let r = -10 - -9. Let t be ((-3)/(-2))/(r/(-14)). What is the units digit of (-6)/21 + 27/t?
1
Let n(t) = 7*t**2 + 1. Let m be n(-1). What is the units digit of (168/16)/(6/m)?
4
Let n(u) = -1 - 2 + 2 + u**2 - 2*u. Let z be n(-1). Suppose 5*p = 18 + z. What is the units digit of p?
4
Suppose x - 6*x = 15, -3*d = -4*x + 18. What is the units digit of 184/40 - 4/d?
5
Let m = 3 - 0. Suppose m*z = 5*z - 18. Let d = 3 + z. What is the tens digit of d?
1
Let d(q) = 2*q**2 - 8*q + 3. Suppose h = -4*h + 25. What is the tens digit of d(h)?
1
What is the units digit of ((-64)/(-10))/(14/35)?
6
Let a = -13 + 6. Suppose l = -5*f - 15, -4*l + f - 16 = -8*l. Let w = l - a. What is the tens digit of w?
1
What is the tens digit of (-3 - -4)/(-3*(-1)/324)?
0
Let f = -72 - -83. What is the units digit of f?
1
Let c(s) = 27*s**3 + 12*s**2 - 4*s. What is the hundreds digit of c(2)?
2
Let j = 11 + -5. Suppose -2*l + 5*w = -76, -w + 52 = j*l - 4*l. What is the units digit of l?
8
Suppose 0*h - 20 = -2*h. What is the units digit of h?
0
Suppose -q - 14 = -5*y - 2*q, -3*q + 22 = 5*y. Let i be 47/2 - 3/y. What is the units digit of (-4)/i + (-408)/(-66)?
6
Let b(f) = f**3 - 8*f**2 + 7*f + 4. Let x be b(7). Suppose 25 = x*r - 71. What is the tens digit of r?
2
What is the units digit of 2/(0 + (-2)/(-16))?
6
Suppose -4*m - 3*y + 13 = 0, -3*m - y + 8 = -3. Suppose -2*f - 2*f + 24 = 0. Suppose -f = -i - m. What is the units digit of i?
2
Let w = 658 + -370. What is the tens digit of w?
8
Suppose 0 = -0*a + a - 56. What is the units digit of a?
6
What is the units digit of -15*(-3)/(60/64)?
8
Let h(i) = -i**3 + 11*i**2 + 14*i - 21. What is the hundreds digit of h(11)?
1
Let z(q) = 30*q - 18. What is the tens digit of z(5)?
3
Let c(g) = -21*g**3 + g**2. What is the tens digit of c(-1)?
2
Let m(q) = -q + 6. Let v be m(6). Suppose 44 = a - 2*c - 0*c, -2*a + c + 97 = v. What is the tens digit of a?
5